023)/4511) composite?
True
Is (-4*(-9)/12 + -8 + 6)*23957 composite?
False
Suppose w - 1919 = -2*d, -5*d = 4*w - 10770 + 3091. Is w composite?
True
Suppose -384*m + 342*m - 546 = 0. Let j(v) = 14*v**3 + 35*v**2 - 23*v + 45. Let l(i) = 5*i**3 + 12*i**2 - 8*i + 15. Let q(w) = -4*j(w) + 11*l(w). Is q(m) prime?
False
Suppose -27*y + 378 = -22*y - 3*c, -295 = -4*y - 5*c. Suppose -82*n + y*n + 47635 = 0. Is n composite?
True
Suppose 5*j - 327 + 2 = 0. Let s = -65 + j. Suppose s = -0*a + 4*a - 596. Is a a prime number?
True
Is (-148)/10*-270935*(-28)/(-392) prime?
False
Let j(i) = 10*i**2 + 4*i + 1. Suppose 252*f - 255*f = 12. Is j(f) a composite number?
True
Suppose 78*y = 9753074 - 3844652. Is y a composite number?
True
Suppose -3*q - 12 = -0*q, 4*q + 94 = 3*s. Let w = 25 - s. Is (9/(-18))/(w/1358) prime?
False
Let x(b) = -4*b**3 + 12*b**2 - 2*b + 5. Let t be x(5). Let l = 384 + t. Is l composite?
False
Let d = 217792 + -107027. Is d a prime number?
False
Suppose 147*n - 823223 = 312*n - 194*n. Is n composite?
False
Let x be 54*-3*(-5)/(-30). Let d be 1/3 + 90/x. Is d + -1 - 3/(9/(-3021)) composite?
True
Let w(r) = -2*r**3 - 16 + 18*r**2 + 57*r**2 - 36*r + 72*r. Is w(33) prime?
True
Let d(n) = 289*n**2 + 66*n - 53. Is d(20) a composite number?
False
Let m(y) = 7*y - 10. Let s be m(2). Suppose 4*x - x = 2*t + 2675, 2*t + 3564 = s*x. Is x a prime number?
False
Let g = 1341 + -911. Let l = 1015 - g. Suppose -5*s + y + 1954 = 0, -2*y - 2147 = -4*s - l. Is s a prime number?
False
Let y = 159 + -163. Is ((-6)/24)/(-1) + (-20715)/y composite?
False
Let r be (-99)/(-3 - 0)*12/9. Suppose 4*i - r = -32. Suppose 3*b = 3*h - 6060, -6*h + h - i*b = -10076. Is h a composite number?
False
Suppose -256409 = -3*p - 2*b, 56*p + 427342 = 61*p - 3*b. Is p composite?
False
Suppose -84 = -3*f - 4*d, 2*d + d = 0. Suppose 16 - f = -3*a. Suppose 0 = 4*p - 5*m - 104, m - 100 + 20 = -a*p. Is p a composite number?
True
Let f(q) = -4*q**3 + 11*q**2 + 62*q - 121. Is f(-24) prime?
False
Let l(t) = -3*t**3 - 8*t**2 - 7*t - 1. Let f be l(-5). Suppose -204*u + f*u = 59275. Is u prime?
False
Is 336/72 + -5 - (-214258)/3 composite?
False
Let p(w) = w**3 + 41*w**2 + 77*w - 72. Is p(-35) prime?
True
Suppose -a = -3*g - 645172, a - 4*g - g = 645186. Is a a prime number?
False
Suppose -3*u + 0*n - n + 9 = 0, -2*u - 11 = -5*n. Suppose u = j, -5*p - 3*j = -2*j - 4797. Is p prime?
False
Let t = -43 - -34. Let h be 1/2*(t - -21). Suppose 0*o - h*o + 7026 = 0. Is o a composite number?
False
Suppose 0 = -147*n + 34057629 + 32914689. Is n prime?
False
Suppose -23*v - 1163332 = -1938474 - 2129919. Is v a composite number?
False
Suppose 0 = -8*d + 11*d - 2007. Is (d/6)/((-12)/(-168)) a prime number?
False
Suppose 5*n + 2 - 7 = 5*g, -8 = -3*n - 2*g. Suppose 0 = 5*m - p - 19681, -n*p + 2654 + 1291 = m. Is m prime?
False
Suppose -88 = 7*p - 102. Suppose 5*y - 49827 = p*g, 4*y + 2*g = y + 29893. Is y composite?
True
Let h(a) = 21759*a**2 + 104*a - 217. Is h(2) prime?
False
Suppose y - 6887 = 2*i, -2*i + 15451 = 4*y - 12157. Is y a composite number?
False
Let i(p) = 103042*p + 125. Is i(2) a composite number?
False
Suppose -6*f = -31 + 7. Let g(u) = 731*u**2 - 2*u - 17. Is g(f) composite?
True
Let m be (-14)/21*(-3762)/3. Suppose -5*l = 15, -3*l + 0*l = 3*b - 1638. Let q = m + b. Is q prime?
False
Suppose -16*o + 218289 = -11*o + 4*q, 2*o = q + 87326. Is o prime?
True
Suppose 90*q = 91*q - 89. Suppose -92*k + 3831 = -q*k. Is k a prime number?
True
Let s(g) = -47993*g + 2051. Is s(-6) prime?
False
Let n be 0 - -2 - (-2 + 3). Let i = -3450 - -3441. Is (2/i - 12730/(-18))/n composite?
True
Let c(j) = 13*j - 3. Suppose m - 8 = -3*d - 4*m, -5*d - 4*m = -9. Let t be c(d). Suppose -3*l + t*l = 3521. Is l prime?
True
Let v = 127996 - 63159. Is v prime?
False
Let b = 148771 + 1640160. Is b composite?
False
Suppose 63 = -3*h + 6*h. Let c(r) be the third derivative of -r**6/120 + 11*r**5/30 - 5*r**4/8 + 5*r**3/2 + 6*r**2. Is c(h) prime?
False
Let c(w) be the first derivative of -w**3/3 + 6*w**2 - 17*w - 11. Let d be c(10). Suppose -d*b + 399 = -480. Is b prime?
True
Let j(x) = 1014*x**2 - 139*x + 433. Is j(16) prime?
False
Suppose 0 = 95*q - 98*q + 2*f + 120767, 8 = -2*f. Is q composite?
False
Suppose -7231 = 4*t + n + 2806, -3*t + n - 7519 = 0. Let a = t + 7447. Is a prime?
False
Suppose -217*h = -221*h + 1085572. Is h composite?
False
Suppose -7*i + 2*i - 555 = 0. Let b be (i - 2)*(-5 - 0/1). Suppose b - 130 = 3*v. Is v prime?
False
Suppose -82*l - 425997 = -5*q - 86*l, -255587 = -3*q - 4*l. Is q a composite number?
True
Suppose 24667*f = 24649*f + 434394. Is f composite?
False
Let h(u) = 179*u**2 + 11*u - 205. Is h(17) prime?
True
Let k = 980028 + -676031. Is k a composite number?
False
Let c(k) = -577*k**3 - 36*k**2 + 10*k**2 + 2*k + 5 + 21*k**2. Is c(-2) prime?
True
Suppose 47 + 1 = -6*x. Is (-5 - x) + (-1506)/(-6) composite?
True
Suppose 42*f - 65*f + 1955 = 0. Let x = f - -222. Is x a prime number?
True
Suppose 3*l - 38*o = -33*o + 84001, 56002 = 2*l - 4*o. Is l prime?
True
Let p(o) = 76*o**2 + o - 4. Let z be (32/(-80))/((-1)/5 + 0). Suppose -n - 6 = z*n. Is p(n) a composite number?
True
Let i = 18516 - 2857. Suppose 23*k + i = 30*k. Is k composite?
False
Suppose -2*y + 11 = -5*o, -4*y - 6*o + 2*o = -8. Let m be 1/(-2) + 25/10. Is m/((-2)/((-1)/(y/7311))) a prime number?
True
Let g(q) be the third derivative of -q**5/60 + q**4/3 - 4*q**3/3 + 2*q**2. Let u be g(6). Suppose 0 = -u*a + 4688 + 1860. Is a a prime number?
True
Suppose -5*q = 8*q - 61997. Is 1 - q/(-4) - (-11)/(-44) a composite number?
False
Suppose 0 = -5*x - g + 239406, -2*g = -0*g - 2. Is x a prime number?
True
Suppose -5*p + 9127231 = -m, 0 = 43*p - 42*p + 2*m - 1825433. Is p prime?
False
Let c = -864 - -1257. Let h = -70 - -70. Suppose 3*l = 2*d - 161, 2*l - c = -h*d - 5*d. Is d prime?
True
Let a(p) be the third derivative of -p**4/24 - 4*p**3 - 14*p**2. Let r be a(-15). Is -3359*((-6)/r)/((-2)/3) a composite number?
False
Let h = -576 - -815. Suppose -3*k + h - 254 = 0. Is (3102/15)/((-2)/k) a composite number?
True
Suppose -23*y = -7*y - 368. Suppose y*i + 12772 = 211814. Is i prime?
False
Suppose 372 = 8*m - 5*m + 4*i, -5*m + 588 = -4*i. Suppose 5*o + m = 920. Let s = 1 + o. Is s prime?
False
Suppose -4*n - 3*o = -17965 - 3395, -4*o = 3*n - 16020. Let y = n + 629. Is y a prime number?
False
Let x(f) be the second derivative of -f**4/12 + f**3/3 + 477*f**2 + 28*f. Let p be x(0). Let s = p - -2263. Is s prime?
True
Is (-6)/(-33) + 2/((-176)/(-3227032)) composite?
False
Suppose 2*l = 89 - 79. Let p(h) = 2*h**2 + 5*h - l - 6*h**2 + 3*h**3 + 10*h**2. Is p(6) composite?
True
Suppose -54*o = -52*o - 96. Let f be 2/(-12) + (-68)/o*2. Is (12/f)/(-1) + 553 prime?
True
Suppose -5*y = 2*y - 28. Suppose 5*n + 0*n - 5*w = -40, -y*n = 2*w + 8. Is 0 + 77 + n/(2*-1) a composite number?
False
Suppose 52 = 2*h + 38. Suppose h = d + 2*d + t, -5*d - 3*t = -17. Is 5268 - d/(-3)*3 prime?
False
Is 3/(18/(-7)) + (-18398589)/(-198) a prime number?
True
Let n be 75/21 + -2 - (-15)/35. Suppose -n*g + 5*d = -4338, -g + 0*d + 4*d + 2163 = 0. Is g composite?
False
Suppose 5*i - 2*i = 3. Suppose -3*s + 3*w - 2 = 2*w, w + i = 0. Is (s + 2)*1263 + -4 a prime number?
True
Suppose 582*w = 577*w - 5*p + 5455, -4*p - 4412 = -4*w. Is w prime?
True
Let t(h) be the first derivative of 457*h**2 + 33*h + 218. Is t(10) a composite number?
False
Let c be (25 + 5)/(-6)*-461. Let r = 736 + c. Is r a prime number?
True
Let g(j) = 1630*j**2 - 91*j + 1402. Is g(15) a prime number?
True
Suppose 272*q + 111472 = 280*q. Is q prime?
False
Let g = -567 + 1443. Let a = g - 188. Suppose r = 3*m + a, 5*r = -m - 2000 + 5456. Is r a prime number?
True
Let w(k) = k**3 - 8*k**2 + 11*k + 6. Let v be w(6). Let h be -3 + 4 - 17 - v. Is (-4)/h - 620/(-16) a prime number?
False
Let c(f) = f**2 - 21*f - 9. Let d be c(21). Let j(g) = g**3 + 8*g**2 - 11*g - 4. Let m be j(d). Suppose 0 = -9*z + m + 211. Is z composite?
True
Suppose -4*h - 3*s + 4 = 0, 3*h + 11 = s + 1. Let k = 0 - h. Suppose -k*u - 3*f = -1265, 1629 + 1527 = 5*u + f. Is u prime?
True
Is 4899225/(-30)*(-18)/45 prime?
True
Let y be (-4 - ((-12)/1)/4)*-42. Let z = y + -39. Suppose z*f = 482 + 541. Is f composite?
True
Let k = -24678 - -3